-17?
3
Suppose 0 = 5*i - 2*i + 5*v + 2, -3*i = 2*v - 10. Let b = i - -2. What is the units digit of b?
8
Let v(h) = -2*h + 2 - 6 - 8. Let i be v(-8). Suppose -8 - 8 = 2*l - i*b, -5*b = 2*l - 29. What is the units digit of l?
2
Suppose w - 3 + 1 = 0. Suppose 2 = c - 1. Suppose c*j - w = 4. What is the units digit of j?
2
Let v be 2/(-9) - (-136)/(-36). Let c = v - -11. What is the units digit of c?
7
Suppose -2*l + 135 = -3*k, 2*k + 3*l + 90 = -0*l. Let d be 10*6/k*-24. Let v = d + -19. What is the tens digit of v?
1
Let y(o) be the second derivative of -17*o**3/6 + o**2/2 - 2*o. Let g be y(-1). Suppose g = 3*w - 6. What is the units digit of w?
8
Let n(k) = 3*k - 3. Let u be n(-2). What is the tens digit of -3 + (-3)/(u/42)?
1
Suppose 6*a = a - 3*u + 151, -5*a + 154 = 2*u. Let z = a - 4. What is the units digit of z?
8
Suppose 3*r - 30 = -7*c + 4*c, 0 = -r - 2*c + 5. What is the units digit of r?
5
Let l = 11 + -7. Let x be (l + -1)/(-3)*-5. Let i = 6 + x. What is the units digit of i?
1
Let o be 43/5 - 20/(-50). Suppose 2*m - 13 = -o. What is the units digit of m?
2
Let a(i) = i**2 + 11*i + 13. Let r(h) = 4*h + 10. Let n be r(-5). What is the units digit of a(n)?
3
Let y(i) = -i**2 + i + 10. Let c be y(0). Suppose 5*g - 2*w - 25 = 0, g - 4*w + 3*w = 5. What is the units digit of ((-16)/c)/((-1)/g)?
8
Let q be 0/(6/(-3) - -3). Let p(a) = -2*a - a + q*a + a. What is the tens digit of p(-5)?
1
Suppose 2*g = 6 + 2. Suppose x + 18 = g*x. What is the units digit of ((-3)/2)/(x/(-32))?
8
Suppose -5*q + 141 + 19 = 0. What is the tens digit of q?
3
Suppose -y - 123 = -o, -y - 178 - 191 = -3*o. What is the hundreds digit of o?
1
Let v(t) = t**2 - 5*t + 4. Let j be v(3). Let p be (2/j)/(1/(-6)). What is the units digit of (-44)/(-12) + 2/p?
4
Let b be (63/12)/((-3)/(-16)). Suppose y = -3*y + b. What is the units digit of y?
7
Let p(o) = 2*o**2 - 1 + 8*o + 8*o**2 - 10*o + 10*o**2. What is the units digit of p(-1)?
1
What is the hundreds digit of (-4)/(-6) + 1034/6?
1
Suppose h = -h - 18. Let z = h + 10. What is the units digit of z?
1
Suppose u - 2 = -u. Let o be (6/u)/(2/4). Let b = o - 6. What is the units digit of b?
6
Let q(u) = -2*u - 3 + 3 + 4*u. Let m = 6 - 5. What is the units digit of q(m)?
2
Suppose -3*n + 127 = i, n - 3*i + 135 = 4*n. What is the units digit of n?
1
Suppose 3*u + 2*n = n, 3*u - n = 0. Suppose 4*x + x - 2*v - 58 = u, -x - 3*v + 15 = 0. What is the units digit of x?
2
Let l(r) = -7*r + 2. Let i(f) = -f + 1. Let x(q) = -5*i(q) + l(q). Let k(d) = -3*d**2 - 3*d. Let s be k(-2). What is the units digit of x(s)?
9
Let r(c) = c**3 + 11*c**2 + 9*c + 8. What is the tens digit of r(-7)?
4
Let l = 86 + -3. What is the tens digit of l?
8
Let o(f) = -f + 4. Let p(x) = -x**2 + 6*x + 7. Let h be p(7). Suppose -3*k + 0*k = h. What is the units digit of o(k)?
4
Let s = 148 - 59. What is the tens digit of s?
8
What is the tens digit of 19 - (-7)/(35/(-20))?
1
Let h be 6*-8*3/(-18). Suppose 0*c + 2*c = 28. Let d = c - h. What is the units digit of d?
6
Suppose 3*j + 2*y - 68 = 0, 49 + 35 = 4*j + 4*y. What is the tens digit of j?
2
Let k be (23 - (-1 - -4))*2. Suppose -6 - 2 = -y - u, -4*u - k = -5*y. What is the units digit of y?
8
Let j(w) be the third derivative of -w**5/60 - 5*w**4/8 - 11*w**3/6 + 5*w**2. What is the tens digit of j(-12)?
2
Let g = 214 + -87. What is the tens digit of g?
2
Let o(x) = -2*x + x + 8*x + x**2. Suppose 2*n = -22 + 6. What is the units digit of o(n)?
8
Let p be (2/(-4))/(9/(-72)). Suppose 3*y - p*y = 2. Let t(c) = -c**2 - 6*c - 3. What is the units digit of t(y)?
5
Let g = -101 - -143. What is the units digit of g?
2
Let p(x) = x**3 + x**2 - x + 1. Let i(h) = 4*h**3 - 5*h**2 + 5*h + 4. Let k(g) = -i(g) + 3*p(g). What is the tens digit of k(6)?
2
What is the tens digit of 63 - 9*1/3?
6
What is the tens digit of (-18)/117 + 301/13?
2
Let f(r) = -9*r**2 - 10*r + 25. Let x(i) = -5*i**2 - 5*i + 13. Let c(q) = -4*f(q) + 7*x(q). What is the units digit of c(-7)?
5
Let b(u) = 2*u + 15. Let i be b(-10). Let d(s) = s**3 + 4*s**2 - 5*s + 4. What is the units digit of d(i)?
4
What is the units digit of 4170/65 - 2/13?
4
Suppose 2*b - 18 = 2*h, -2*b + 3*b = 3*h + 1. What is the tens digit of b?
1
Let v(s) = 6*s**2 - 2*s + 1. Let o be v(1). Let d be ((-4)/5)/((-4)/10). Suppose 3*l - y - 29 = 0, -d*l - 1 + 26 = o*y. What is the units digit of l?
0
Let d(t) = -1 + 3*t + 6*t - 5*t. Let m be d(3). Let p = -4 + m. What is the units digit of p?
7
Let q be 2*(70/4 + 1). Let h be (-2)/1 - (7 - 5). What is the units digit of q/2 + 2/h?
8
Suppose 3*k + 2*o - 152 = 2*k, 3*o + 641 = 4*k. What is the tens digit of k?
5
What is the tens digit of -1 - 0 - 15/(-1)?
1
Suppose 212 = l + 3*l. What is the units digit of l?
3
Let o be ((-4)/6)/((-1)/18). What is the units digit of o/(6/(-16)*-2)?
6
Suppose -c - 77 = -2*c. What is the units digit of c?
7
Let i(y) = y**2 + 9*y + 9. Let d be i(-9). Let x = d - 3. What is the units digit of x?
6
Let o be -19 - 1*(-1 - -2). Let u be o - ((-6 - -1) + 3). What is the units digit of (-33)/u + 1/6?
2
Let c(v) = v**2 + 8*v - 1. Let t be c(-8). What is the tens digit of (20/(-16))/(t/12)?
1
What is the tens digit of 27 - (4/(-1))/(-4)?
2
Suppose 0 = 3*s - 12, 7 = 3*k - 3*s - 2*s. Let i = 18 - k. What is the tens digit of (i/(-3))/(-3)*16?
1
Let u(v) = v**3 - 3*v**2 - v + 1. Let s be u(3). Let d(n) = n**2 + 3*n - 1. Let r be d(-4). Let a = r - s. What is the units digit of a?
5
Let f(r) = r**3 - 4*r**2 - 33*r + 7. What is the units digit of f(10)?
7
Let d = 61 - 42. Suppose -3*x - 4*n = -41, 4 = 2*x - 0*x - 2*n. Suppose -3*o + d = x. What is the units digit of o?
4
Suppose 914 = 7*n - 213. What is the tens digit of n?
6
Suppose 80 = 4*w - 72. Let k = -23 + w. What is the units digit of k?
5
Suppose -3*w + 2*h = -208, w - 2*h + 64 = 2*w. What is the units digit of w?
8
Suppose 0*u + 4*u = 24. Suppose -4*h + 5*d + 29 = 0, -u*h = -h + 5*d + 20. What is the units digit of h?
1
Let r(n) = n**3 - 15*n**2 - 15*n + 6. What is the units digit of r(16)?
2
Let u be 32/10 - (-5)/(-25). Suppose -4*v = 2*f - 18, -5*v + u*f + 8 + 9 = 0. What is the tens digit of (-2)/6*(v - 37)?
1
Let x = 348 - 188. What is the units digit of x?
0
Suppose f + 111 + 185 = 3*k, 5*f = -2*k + 220. What is the units digit of k?
0
Let j = 1 - 0. Let o = 5 - j. Suppose 2*u - o - 10 = 0. What is the units digit of u?
7
Let h = -70 - -200. What is the hundreds digit of h?
1
Let q be -4 - (0 + -2 + -1). What is the units digit of (18/30)/(q/(-15))?
9
Suppose -370 = 3*j + 8. What is the tens digit of (8/(-6))/(12/j)?
1
What is the units digit of 1156/18 + 8/(-36)?
4
Let t = 6 + -10. Let s(q) = -q**3 - q**2 + 2*q - 4. What is the tens digit of s(t)?
3
Suppose 3*l = 4 + 2. Suppose -4*a - 4*w = a - 62, -l*w - 4 = -a. Suppose 5*j + 3*g - 2 = -g, 2*g + a = 3*j. What is the units digit of j?
2
Let z(j) = j**2 - 6*j - 10. Let h(s) = -s**2 - 5*s + 5. Let u be h(-5). Let b be (-2)/u - 84/(-10). What is the units digit of z(b)?
6
Let p(l) = 2*l**2 + l - 3. Let r be p(4). Suppose -9 = 4*f - r. What is the units digit of (3 + (-27)/f)*-4?
6
Suppose -2*h = -4, u - 4*h + 153 - 376 = 0. What is the hundreds digit of u?
2
Suppose -4*z - 188 = -6*z. What is the tens digit of z?
9
Suppose -m + u = -56, 8 = 2*m + 5*u - 104. Suppose -5*z + i - 23 + m = 0, -z + 15 = 4*i. What is the units digit of z?
7
Let k = -182 + 285. What is the tens digit of k?
0
Suppose -4*y + 3*s - 6*s - 16 = 0, -4*s - 16 = 0. Let a = -27 - -32. What is the units digit of ((-11)/5)/(y/a)?
1
Let q(z) = z**3 - 3*z**2 - 4*z + 2. Let b be q(4). Let t be 2/(32/12) - (-1)/4. What is the units digit of b + (-3)/t - -4?
3
Suppose 14*v - 8*v - 1602 = 0. What is the units digit of v?
7
Suppose 2*w = -3*w + 195. What is the units digit of w?
9
Suppose 0 = 4*p - 4*v - 4, 0 = 4*p + 3*v - 9 - 23. Suppose 0 = -5*n + 10, -54 = -5*d - p*n - 19. What is the units digit of d?
5
Let p(l) = -l**2 + 6*l - 8. Let m be p(6). Let x(u) = u**3 + 7*u**2 - 10*u - 11. What is the units digit of x(m)?
5
Let z = 1 + -1. Suppose -3*c + z*c + 15 = 0. What is the units digit of c?
5
Suppose 0 = -3*a - 4*j + 663, a + 6*j - 221 = 5*j. What is the tens digit of a?
2
What is the tens digit of 226 - (-2 - -1)*-4 - 4?
1
Let w be 178/(-